{"id":1333,"date":"2025-07-17T22:15:06","date_gmt":"2025-07-17T22:15:06","guid":{"rendered":"https:\/\/easylife.digi-prod.fr\/?page_id=1333"},"modified":"2025-07-17T23:04:05","modified_gmt":"2025-07-17T23:04:05","slug":"mentions-legales","status":"publish","type":"page","link":"https:\/\/easylife.digi-prod.fr\/index.php\/mentions-legales\/","title":{"rendered":"Mentions l\u00e9gales"},"content":{"rendered":"\t\t<div data-elementor-type=\"wp-page\" data-elementor-id=\"1333\" class=\"elementor elementor-1333\">\n\t\t\t\t<div class=\"elementor-element elementor-element-465a9e85 e-flex e-con-boxed e-con e-parent\" data-id=\"465a9e85\" data-element_type=\"container\">\n\t\t\t\t\t<div class=\"e-con-inner\">\n\t\t\t\t<div class=\"elementor-element elementor-element-5340fd7 elementor-widget elementor-widget-text-editor\" data-id=\"5340fd7\" data-element_type=\"widget\" data-widget_type=\"text-editor.default\">\n\t\t\t\t\t\t\t\t\t<h1>Mentions l\u00e9gales<\/h1>\n<h2 class=\"wp-block-heading\">\u00a0<\/h2>\n<h2 class=\"wp-block-heading\">1. \u00c9diteur du site<\/h2>\n<p><!-- \/wp:heading --><!-- wp:paragraph --><\/p>\n<p>\u00a0<\/p>\n<p><strong>EasyLife Services SAS<\/strong><br \/>Capital social : 42 000 \u20ac<br \/>Si\u00e8ge social : Easylife, 29 av des Canadiens &#8211; Rouen \u2013 France<br \/>RCS Paris : 123 456 789<br \/>Num\u00e9ro de TVA intracommunautaire : FR 12 123456789<br \/>Repr\u00e9sentant l\u00e9gal : <strong>Marcus Ferrum<\/strong>, Pr\u00e9sident<\/p>\n<p>\u00a0<\/p>\n<p><!-- \/wp:paragraph --><!-- wp:heading --><\/p>\n<h2 class=\"wp-block-heading\">2. H\u00e9bergeur<\/h2>\n<p><!-- \/wp:heading --><!-- wp:paragraph --><\/p>\n<p>\u00a0<\/p>\n<p><strong>OVHess<br \/><\/strong>Adresse : 12, avenue du Cloud \u2013 69000 Lyon \u2013 France<br \/>T\u00e9l. : +33 (0)4 99 99 99 99<br \/>Site : <a href=\"https:\/\/www.ovhess-hosting.fr\">www.ovhess-hosting.fr<\/a><\/p>\n<p>\u00a0<\/p>\n<p><!-- \/wp:paragraph --><!-- wp:heading --><\/p>\n<h2 class=\"wp-block-heading\">3. Conception &amp; r\u00e9alisation<\/h2>\n<p><!-- \/wp:heading --><!-- wp:paragraph --><\/p>\n<p>\u00a0<\/p>\n<p>Agence <strong>WebMuscled<\/strong> \u2013 27, boulevard du Responsive \u2013 59000 Lille<br \/>E-mail : <a>contact@webmuscled.fr<\/a><\/p>\n<p><a>\u00a0<\/a><\/p>\n<p><!-- \/wp:paragraph --><!-- wp:heading --><\/p>\n<h2 class=\"wp-block-heading\">4. Propri\u00e9t\u00e9 intellectuelle<\/h2>\n<p><!-- \/wp:heading --><!-- wp:paragraph --><\/p>\n<p>\u00a0<\/p>\n<p>L\u2019ensemble des contenus (textes, visuels, logo, ic\u00f4nes, vid\u00e9os, base de donn\u00e9es) est la propri\u00e9t\u00e9 exclusive d\u2019EasyLife Services SAS, sauf mention contraire.<br \/>Toute reproduction, repr\u00e9sentation, adaptation ou exploitation, totale ou partielle, est interdite sans autorisation \u00e9crite pr\u00e9alable.<\/p>\n<p>\u00a0<\/p>\n<p><!-- \/wp:paragraph --><!-- wp:heading --><\/p>\n<h2 class=\"wp-block-heading\">5. Donn\u00e9es personnelles<\/h2>\n<p><!-- \/wp:heading --><!-- wp:paragraph --><\/p>\n<p>\u00a0<\/p>\n<p>EasyLife collecte vos donn\u00e9es (nom, e-mail, coordonn\u00e9es) dans le seul but de g\u00e9rer vos demandes et d\u2019envoyer la newsletter mensuelle.<br \/>Responsable du traitement : Marcus Ferrum \u2013 <a>dpo@easylife-services.fr<\/a><br \/>Conform\u00e9ment au RGPD, vous disposez d\u2019un droit d\u2019acc\u00e8s, de rectification et de suppression de vos donn\u00e9es ; exercez-le par courriel \u00e0 <a>dpo@easylife-services.fr<\/a> ou par courrier au si\u00e8ge social.<\/p>\n<p>\u00a0<\/p>\n<p><!-- \/wp:paragraph --><!-- wp:heading --><\/p>\n<h2 class=\"wp-block-heading\">6. Cookies<\/h2>\n<p><!-- \/wp:heading --><!-- wp:paragraph --><\/p>\n<p>\u00a0<\/p>\n<p>Le site utilise deux types de cookies :<\/p>\n<p><!-- \/wp:paragraph --><!-- wp:list --><\/p>\n<ul class=\"wp-block-list\">\n<li style=\"list-style-type: none;\">\n<ul class=\"wp-block-list\"><!-- wp:list-item --><\/ul>\n<\/li>\n<\/ul>\n<ul class=\"wp-block-list\">\n<li style=\"list-style-type: none;\">\n<ul class=\"wp-block-list\">\n<li><strong>Cookies techniques<\/strong> indispensables au fonctionnement (session, langue).<\/li>\n<\/ul>\n<\/li>\n<\/ul>\n<p><!-- \/wp:list-item --><!-- wp:list-item --><\/p>\n<ul class=\"wp-block-list\">\n<li style=\"list-style-type: none;\">\n<ul class=\"wp-block-list\">\n<li><strong>Cookies analytiques<\/strong> (Statistik Pump\u2122) permettant de mesurer l\u2019audience.<br \/>Vous pouvez d\u00e9sactiver les cookies non essentiels via le bandeau de consentement ou les param\u00e8tres de votre navigateur.<\/li>\n<\/ul>\n<\/li>\n<\/ul>\n<p>\u00a0<\/p>\n<p><!-- \/wp:list-item --><\/p>\n<p><!-- \/wp:list --><!-- wp:heading --><\/p>\n<h2 class=\"wp-block-heading\">7. Liens hypertextes<\/h2>\n<p><!-- \/wp:heading --><!-- wp:paragraph --><\/p>\n<p>\u00a0<\/p>\n<p>Les liens externes sont fournis \u00e0 titre informatif. EasyLife n\u2019exerce aucun contr\u00f4le sur leur contenu et d\u00e9cline toute responsabilit\u00e9 quant aux informations qu\u2019ils diffusent.<\/p>\n<p>\u00a0<\/p>\n<p><!-- \/wp:paragraph --><!-- wp:heading --><\/p>\n<h2 class=\"wp-block-heading\">8. Limitations de responsabilit\u00e9<\/h2>\n<p><!-- \/wp:heading --><!-- wp:paragraph --><\/p>\n<p>\u00a0<\/p>\n<p>EasyLife s\u2019efforce de garantir l\u2019exactitude des informations publi\u00e9es mais ne saurait \u00eatre tenue responsable d\u2019erreurs ou d\u2019omissions, ni d\u2019un usage inappropri\u00e9 du site ou de tout pr\u00e9judice direct ou indirect r\u00e9sultant de son utilisation.<\/p>\n<p>\u00a0<\/p>\n<p><!-- \/wp:paragraph --><!-- wp:heading --><\/p>\n<h2 class=\"wp-block-heading\">9. Droit applicable &amp; juridiction<\/h2>\n<p><!-- \/wp:heading --><!-- wp:paragraph --><\/p>\n<p>\u00a0<\/p>\n<p>Les pr\u00e9sentes mentions l\u00e9gales sont r\u00e9gies par le droit fran\u00e7ais.<br \/>Tout litige sera port\u00e9 devant les tribunaux comp\u00e9tents de Paris, sauf disposition l\u00e9gale contraire.<\/p>\n<p><!-- \/wp:paragraph --><!-- wp:paragraph --><\/p>\n<p><!-- \/wp:paragraph --><\/p>\t\t\t\t\t\t\t\t<\/div>\n\t\t\t\t\t<\/div>\n\t\t\t\t<\/div>\n\t\t\t\t<\/div>\n\t\t","protected":false},"excerpt":{"rendered":"<p>Mentions l\u00e9gales \u00a0 1. \u00c9diteur du site \u00a0 EasyLife Services SASCapital social : 42 000 \u20acSi\u00e8ge social : Easylife, 29.. <span class=\"smth-el-more\"><a href=\"https:\/\/easylife.digi-prod.fr\/index.php\/mentions-legales\/\" class=\"smth-readmore\">Read more<i class=\"fas fa-arrow-right\"><\/i><\/a><\/span><\/p>\n","protected":false},"author":1,"featured_media":0,"parent":0,"menu_order":0,"comment_status":"closed","ping_status":"open","template":"","meta":{"_acf_changed":false,"inline_featured_image":false,"footnotes":""},"class_list":["post-1333","page","type-page","status-publish","hentry"],"acf":[],"_links":{"self":[{"href":"https:\/\/easylife.digi-prod.fr\/index.php\/wp-json\/wp\/v2\/pages\/1333","targetHints":{"allow":["GET"]}}],"collection":[{"href":"https:\/\/easylife.digi-prod.fr\/index.php\/wp-json\/wp\/v2\/pages"}],"about":[{"href":"https:\/\/easylife.digi-prod.fr\/index.php\/wp-json\/wp\/v2\/types\/page"}],"author":[{"embeddable":true,"href":"https:\/\/easylife.digi-prod.fr\/index.php\/wp-json\/wp\/v2\/users\/1"}],"replies":[{"embeddable":true,"href":"https:\/\/easylife.digi-prod.fr\/index.php\/wp-json\/wp\/v2\/comments?post=1333"}],"version-history":[{"count":29,"href":"https:\/\/easylife.digi-prod.fr\/index.php\/wp-json\/wp\/v2\/pages\/1333\/revisions"}],"predecessor-version":[{"id":1393,"href":"https:\/\/easylife.digi-prod.fr\/index.php\/wp-json\/wp\/v2\/pages\/1333\/revisions\/1393"}],"wp:attachment":[{"href":"https:\/\/easylife.digi-prod.fr\/index.php\/wp-json\/wp\/v2\/media?parent=1333"}],"curies":[{"name":"wp","href":"https:\/\/api.w.org\/{rel}","templated":true}]}}