{"id":219,"date":"2022-12-15T11:11:27","date_gmt":"2022-12-15T11:11:27","guid":{"rendered":"https:\/\/samantha-demo.bslthemes.com\/?page_id=219"},"modified":"2025-07-18T01:09:18","modified_gmt":"2025-07-18T01:09:18","slug":"about","status":"publish","type":"page","link":"https:\/\/easylife.digi-prod.fr\/index.php\/about\/","title":{"rendered":"About"},"content":{"rendered":"\t\t<div data-elementor-type=\"wp-page\" data-elementor-id=\"219\" class=\"elementor elementor-219\">\n\t\t\t\t\t\t<section class=\"elementor-section elementor-top-section elementor-element elementor-element-3e199d7 elementor-section-full_width elementor-section-height-default elementor-section-height-default\" data-id=\"3e199d7\" data-element_type=\"section\">\n\t\t\t\t\t\t<div class=\"elementor-container elementor-column-gap-no\">\n\t\t\t\t\t<div class=\"elementor-column elementor-col-100 elementor-top-column elementor-element elementor-element-7242e26\" data-id=\"7242e26\" data-element_type=\"column\">\n\t\t\t<div class=\"elementor-widget-wrap elementor-element-populated\">\n\t\t\t\t\t\t<div class=\"elementor-element elementor-element-5db0a50 elementor-widget elementor-widget-samantha-intro\" data-id=\"5db0a50\" data-element_type=\"widget\" data-widget_type=\"samantha-intro.default\">\n\t\t\t\t<div class=\"elementor-widget-container\">\n\t\t\t\t\t\n\t\t<section class=\"hero-section \">\n\t\t    <div class=\"container\">\n\t\t        <div class=\"row align-items-center\">\n\t\t            <div class=\" col-lg-6 col-md 12 col-sm-12\" data-aos=\"fade-right\" data-aos-delay=\"200\" data-aos-duration=\"400\">\n\t\t            \t<div class=\"content\">\n\t\t\t\t\t\t\t\t\t\t\t\t\t\t\t\t\t\t\t\t<ul class=\"crumbs\"><li><a href=\"https:\/\/easylife.digi-prod.fr\" title=\"Easylife\">Home<\/a><\/li><li><span><i class=\"fas fa-angle-double-right\"><\/i><\/span><\/li><\/ul>\t\t\t\t\t\t\t\t\t\t\t\t\t\t\t\t\t\t\t\t\t\t                <h2>\n\t\t\t\t\t\t\t\t\t\t\t<span >\n\t\t\t\t\t\t\t          Qui sommes-nous\t\t\t\t\t\t\t        <\/span>\n\t\t\t\t\t\t\t\t\t\t<\/h2>\n\t\t\t\t\t\t\t\t\t\t\t\t\t\t\t\t\t\t\t\t\t\t                <p>\n\t\t\t\t\t\t\t\t\t\t\t<span >\n\t\t\t\t\t\t\t          Chez <b>EasyLife<\/b>, nous r\u00e9volutionnons l\u2019aide \u00e0 domicile. Fini les clich\u00e9s : nos intervenants, form\u00e9s, soigneusement s\u00e9lectionn\u00e9s et\u2026 tr\u00e8s muscl\u00e9s, sont l\u00e0 pour allier efficacit\u00e9, humour et \u00e9l\u00e9gance dans vos t\u00e2ches quotidiennes.\t\t\t\t\t\t\t        <\/span>\n\t\t\t\t\t\t\t\t\t\t<\/p>\n\t\t\t\t\t\t\t\t\t\t\t\t\t\t\t\t\t\t\t\t\t\t\t\t\t\t\t\t\t\t\t\t                <a href=\"https:\/\/easylife.digi-prod.fr\/index.php\/programs\/item\/nos-services\/\" class=\"button\">\n\t\t\t\t\t\t\t\t\t\t\t<span >\n\t\t\t\t\t\t\t          D\u00e9couvrir nos services\t\t\t\t\t\t\t        <\/span>\n\t\t\t\t\t\t\t\t\t\t<\/a>\n\t\t\t\t\t\t\t\t\t\t\t\t               <\/div>\n\t\t            <\/div>\n\n\t\t            <div class=\"col-lg-6 col-md 12 col-sm-12\" data-aos=\"fade-left\" data-aos-delay=\"300\" data-aos-duration=\"500\">\n\t\t            \t<div class=\"row\">\n\t\t            \t\t<div class=\"col-lg-8 col-md-8 col-sm-8 col-8 p-0\">\n\t\t\t\t\t\t\t\t\t\t\t            \t\t<div class=\"about-section-photo\">\n\t\t\t            \t\t\t<img decoding=\"async\" alt=\"Photo Image\" class=\"Photo-about\" src=\"https:\/\/easylife.digi-prod.fr\/wp-content\/uploads\/2025\/07\/tmpcditmr29-950x950.png\" \/>\n\t\t\t            \t\t<\/div>\n\t\t\t\t\t\t\t\t\t\t\t            \t<\/div>\n\t\t\t            \t<div class=\"col-lg-4 col-md-4 col-sm-4 col-4 p-0\">\n\t\t\t\t\t\t\t\t\t\t\t            \t\t<div class=\"about-photo-section \">\n\t\t\t            \t\t\t<img decoding=\"async\" alt=\"Photo Image\" class=\"Photo-about-1\" src=\"https:\/\/easylife.digi-prod.fr\/wp-content\/uploads\/2025\/07\/jerome-950x950.jpg\" \/>\n\t\t\t            \t\t<\/div>\n\t\t\t\t\t\t\t\t\t\t\t            \t<\/div>\n\t\t\t            <\/div>\n\t\t            <\/div>\n\t\t        <\/div>\n\t\t    <\/div>\n\t\t<\/section>\n\n\t\t\t\t\t\t<\/div>\n\t\t\t\t<\/div>\n\t\t\t\t<div class=\"elementor-element elementor-element-3f19ce5 elementor-widget elementor-widget-samantha-about-us-2\" data-id=\"3f19ce5\" data-element_type=\"widget\" data-widget_type=\"samantha-about-us-2.default\">\n\t\t\t\t<div class=\"elementor-widget-container\">\n\t\t\t\t\t\n\t\t\n\t\t<section class=\"about-section gap no-bottom\">\n\t\t   <div class=\"background-shape\" style=\"background-image: url('https:\/\/easylife.digi-prod.fr\/wp-content\/uploads\/2025\/07\/blur-4.png');\"><\/div>\t\t   <div class=\"container\">\n\t\t     <div class=\"row align-items-center\">\n\t\t       <div class=\"col-lg-8 p-0\" data-aos=\"fade-right\"  data-aos-delay=\"200\" data-aos-duration=\"400\">\n\t\t         <div class=\"photo-section about hover-style\">\n\t\t         \t<figure>\n\t\t             <a data-fancybox=\"\" href=\"https:\/\/www.youtube.com\/watch?v=Vr3h5X9kmUo\">\n\t\t\t\t\t\t\t\t\t\t\t\t\t<img decoding=\"async\" alt=\"photo-section\" src=\"https:\/\/easylife.digi-prod.fr\/wp-content\/uploads\/2025\/07\/easylife3-950x633.png\" \/>\n\t\t\t\t\t\t\t\t\t\t\t\t<i class=\"fas fa-play\"><\/i>\n\t\t             <\/a>\n\t\t         \t<\/figure>\n\t\t         <\/div>\n\t\t       <\/div>\n\t\t       <div class=\"col-lg-4 p-0\" data-aos=\"fade-left\"  data-aos-delay=\"300\" data-aos-duration=\"500\">\n\t\t       \t<div class=\"about-info heading about\">\n\t\t\t\t\t\t\t\t\t       \t\t<h3>\n\t\t\t\t\t\t\t\t<span >\n\t\t\t\t\t\t\t\t\tPlus de 8 ans d'exp\u00e9rience\t\t\t\t\t\t\t\t<\/span>\n\t\t\t\t\t\t\t<\/h3>\n\t\t\t\t\t\t\t\t\t\t\t\t\t\t\t\t\t\t\t\t\t<div >\n\t\t\t\t\t\t\t\t<p>Rejoignez d\u00e9j\u00e0 nos clients convaincus, et transformez vos t\u00e2ches m\u00e9nag\u00e8res en un moment hors du commun.<br data-start=\"2187\" data-end=\"2190\" \/><br data-start=\"2187\" data-end=\"2190\" \/><\/p>\t\t\t\t\t\t\t<\/div>\n\t\t\t\t\t\t\t\t\t\t\t\t\t\t\t\t \t\t\t\t\t<a href=\"https:\/\/easylife.digi-prod.fr\/index.php\/appointment\/\" class=\"button\">\n\t\t\t\t\t\t\t\t<span >\n\t\t\t\t\t\t\t\t\tDevis gratuit\t\t\t\t\t\t\t\t<\/span>\n\t\t\t\t\t\t\t<\/a>\n\t\t\t\t\t\t\t\t\t       \t<\/div>\n\t\t       <\/div>\n\t\t     <\/div>\n\t\t   <\/div>\n\t\t <\/section>\n\n\t\t\t\t\t\t<\/div>\n\t\t\t\t<\/div>\n\t\t\t\t\t<\/div>\n\t\t<\/div>\n\t\t\t\t\t<\/div>\n\t\t<\/section>\n\t\t\t\t<section class=\"elementor-section elementor-top-section elementor-element elementor-element-97d5e05 elementor-section-full_width elementor-section-height-default elementor-section-height-default\" data-id=\"97d5e05\" data-element_type=\"section\">\n\t\t\t\t\t\t<div class=\"elementor-container elementor-column-gap-no\">\n\t\t\t\t\t<div class=\"elementor-column elementor-col-100 elementor-top-column elementor-element elementor-element-fca55a2\" data-id=\"fca55a2\" data-element_type=\"column\">\n\t\t\t<div class=\"elementor-widget-wrap elementor-element-populated\">\n\t\t\t\t\t\t<div class=\"elementor-element elementor-element-b28a32f elementor-widget elementor-widget-samantha-features\" data-id=\"b28a32f\" data-element_type=\"widget\" data-widget_type=\"samantha-features.default\">\n\t\t\t\t<div class=\"elementor-widget-container\">\n\t\t\t\t\t\n\t\t<section class=\"features-section gap\">\n\t\t\t<div class=\"container\">\n\t\t\t\t<div class=\"row\">\n\t\t\t\t\t<div class=\"col-lg-4 col-md-12\" data-aos=\"fade-right\"  data-aos-delay=\"200\" data-aos-duration=\"300\">\n\t\t\t\t\t\t<div class=\"heading\">\n\t\t\t\t\t\t\t\t\t      \t\t\t\t<h3>\n\t\t\t\t\t\t\t\t<span >\n\t        \t\t\t  \t\t\tPourquoi nous choisir ?\t        \t\t\t\t\t<\/span>\n\t\t\t\t\t\t\t<\/h3>\n\t\t\t\t\t\t\t\t\t\t\t\t\t\t\t\t      \t\t\t\t<p>\n\t\t\t\t\t\t\t\t<span >\n\t        \t\t\t \t\t\tM\u00e9nage, repassage, bricolage, am\u00e9nagement\u2026 tout est pris en charge avec la performance d\u2019un entra\u00eenement de haut niveau.\t        \t\t\t\t\t<\/span>\n\t\t\t\t\t\t\t<\/p>\n\t\t\t\t\t\t\t\t\t\t\t\t\t\t\t\t      \t\t \t\t<ul class=\"fast\">\n\t\t\t\t\t\t\t\t\t\t      \t\t \t \t\t<li>\n\t\t\t\t\t\t\t\t\t<h6>\n\t\t\t\t\t\t\t\t\t\t<span >\n\t        \t        \t\t\t\t\tChaque mission est r\u00e9alis\u00e9e avec force\u2026 et pr\u00e9cision.\t        \t        \t\t\t\t<\/span>\n\t\t\t\t\t\t\t\t\t<\/h6>\n\t\t\t\t\t\t\t\t<\/li>\n\t\t\t\t\t\t\t\t\t\t      \t\t \t \t\t<li>\n\t\t\t\t\t\t\t\t\t<h6>\n\t\t\t\t\t\t\t\t\t\t<span >\n\t        \t        \t\t\t\t\tNous travaillons dans la bonne humeur, tout en respectant votre espace.\n\t        \t        \t\t\t\t<\/span>\n\t\t\t\t\t\t\t\t\t<\/h6>\n\t\t\t\t\t\t\t\t<\/li>\n\t\t\t\t\t\t\t\t\t\t      \t\t \t \t\t<li>\n\t\t\t\t\t\t\t\t\t<h6>\n\t\t\t\t\t\t\t\t\t\t<span >\n\t        \t        \t\t\t\t\tS\u00e9curit\u00e9, ponctualit\u00e9 et intervention rigoureuse.\t        \t        \t\t\t\t<\/span>\n\t\t\t\t\t\t\t\t\t<\/h6>\n\t\t\t\t\t\t\t\t<\/li>\n\t\t\t\t\t\t\t\t\t\t      \t\t \t \t\t<li>\n\t\t\t\t\t\t\t\t\t<h6>\n\t\t\t\t\t\t\t\t\t\t<span >\n\t        \t        \t\t\t\t\tUne offre unique\u202f !\t        \t        \t\t\t\t<\/span>\n\t\t\t\t\t\t\t\t\t<\/h6>\n\t\t\t\t\t\t\t\t<\/li>\n\t\t\t\t\t\t\t\t\t\t      \t\t \t\t<\/ul>\n\t\t\t\t\t\t\t\t\t\t\t\t\t<\/div>\n\t\t\t\t\t<\/div>\n\t\t\t\t\t\t\t\t\t\t<div class=\"col-lg-4 col-md-6\" data-aos=\"fade-right\"  data-aos-delay=\"300\" data-aos-duration=\"400\">\n\t\t\t\t\t\t\t\t\t\t\t\t<div class=\"about-card-1\">\n\t\t\t\t\t\t\t<h2 class=\"timer count-title count-number\" data-to=\"4\" data-speed=\"1500\">8<\/h2>\n\t\t\t\t\t\t\t<h4>\n\t\t\t\t\t\t\t\t<span >\n\t        \t\t\t  Domaines d'expertise parfaitement ma\u00eetris\u00e9s\t        \t\t\t<\/span>\n\t\t\t\t\t\t\t<\/h4>\n\t\t\t\t\t\t<\/div>\n\t\t\t\t\t\t\t\t\t\t\t\t\t\t\t\t\t\t<div class=\"about-card-1 card-2\">\n\t\t\t\t\t\t\t<h2 class=\"timer count-title count-number\" data-to=\"455\" data-speed=\"1500\">47<\/h2>\n\t\t\t\t\t\t\t<h4>\n\t\t\t\t\t\t\t\t<span >\n\t        \t\t\t  Clients s\u00e9duits\t        \t\t\t<\/span>\n\t\t\t\t\t\t\t<\/h4>\n\t\t\t\t\t\t<\/div>\n\t\t\t\t\t\t\t\t\t\t\t<\/div>\n\t\t\t\t\t\t\t\t\t\t\t\t\t\t\t<div class=\"col-lg-4 col-md-6\" data-aos=\"fade-right\"  data-aos-delay=\"300\" data-aos-duration=\"500\">\n\t\t\t\t\t\t\t\t\t\t\t\t<div class=\"about-card-1 card-2\">\n\t\t\t\t\t\t\t<h2 class=\"timer count-title count-number\" data-to=\"44\" data-speed=\"1500\">12<\/h2>\n\t\t\t\t\t\t\t<h4>\n\t\t\t\t\t\t\t\t<span >\n\t        \t\t\t  Assistants bobybuild\u00e9s\t        \t\t\t<\/span>\n\t\t\t\t\t\t\t<\/h4>\n\t\t\t\t\t\t<\/div>\n\t\t\t\t\t\t\t\t\t\t\t\t\t\t\t\t\t\t<div class=\"about-card-1\">\n\t\t\t\t\t\t\t<h2 class=\"timer count-title count-number\" data-to=\"30\" data-speed=\"1500\">90<\/h2>\n\t\t\t\t\t\t\t<h4>\n\t\t\t\t\t\t\t\t<span >\n\t        \t\t\t  Jours d'essai sans engagement\t        \t\t\t<\/span>\n\t\t\t\t\t\t\t<\/h4>\n\t\t\t\t\t\t<\/div>\n\t\t\t\t\t\t\t\t\t\t\t<\/div>\n\t\t\t\t\t\t\t\t\t<\/div>\n\t\t\t<\/div>\n\t\t<\/section>\n\n\t\t\t\t\t\t<\/div>\n\t\t\t\t<\/div>\n\t\t\t\t\t<\/div>\n\t\t<\/div>\n\t\t\t\t\t<\/div>\n\t\t<\/section>\n\t\t\t\t<\/div>\n\t\t","protected":false},"excerpt":{"rendered":"<p>Home Qui sommes-nous Chez EasyLife, nous r\u00e9volutionnons l\u2019aide \u00e0 domicile. Fini les clich\u00e9s : nos intervenants, form\u00e9s, soigneusement s\u00e9lectionn\u00e9s et\u2026.. <span class=\"smth-el-more\"><a href=\"https:\/\/easylife.digi-prod.fr\/index.php\/about\/\" class=\"smth-readmore\">Read more<i class=\"fas fa-arrow-right\"><\/i><\/a><\/span><\/p>\n","protected":false},"author":1,"featured_media":0,"parent":0,"menu_order":0,"comment_status":"closed","ping_status":"closed","template":"template-layout-builder.php","meta":{"_acf_changed":false,"inline_featured_image":false,"footnotes":""},"class_list":["post-219","page","type-page","status-publish","hentry"],"acf":[],"_links":{"self":[{"href":"https:\/\/easylife.digi-prod.fr\/index.php\/wp-json\/wp\/v2\/pages\/219","targetHints":{"allow":["GET"]}}],"collection":[{"href":"https:\/\/easylife.digi-prod.fr\/index.php\/wp-json\/wp\/v2\/pages"}],"about":[{"href":"https:\/\/easylife.digi-prod.fr\/index.php\/wp-json\/wp\/v2\/types\/page"}],"author":[{"embeddable":true,"href":"https:\/\/easylife.digi-prod.fr\/index.php\/wp-json\/wp\/v2\/users\/1"}],"replies":[{"embeddable":true,"href":"https:\/\/easylife.digi-prod.fr\/index.php\/wp-json\/wp\/v2\/comments?post=219"}],"version-history":[{"count":24,"href":"https:\/\/easylife.digi-prod.fr\/index.php\/wp-json\/wp\/v2\/pages\/219\/revisions"}],"predecessor-version":[{"id":1505,"href":"https:\/\/easylife.digi-prod.fr\/index.php\/wp-json\/wp\/v2\/pages\/219\/revisions\/1505"}],"wp:attachment":[{"href":"https:\/\/easylife.digi-prod.fr\/index.php\/wp-json\/wp\/v2\/media?parent=219"}],"curies":[{"name":"wp","href":"https:\/\/api.w.org\/{rel}","templated":true}]}}